m**2 - 6*m - 46. Let y be q(-8). Calculate n(y).
-4
Let p(b) = 3*b - 1. Let r(i) = -13*i + 23. Let h(z) = -3*p(z) - r(z). What is h(6)?
4
Let u(v) be the first derivative of -v**4/2 - 14*v**3/3 + v**2/2 + 7*v - 1308. Determine u(-7).
0
Let m be (-4)/(-64)*((-34)/(-6) + (4 - 9)). Let h(b) be the third derivative of -1/2*b**3 + 12*b**2 + 0*b - m*b**4 + 0. What is h(0)?
-3
Suppose -w - 5 + 2 = 0. Let z(k) = -4*k**2 + 10*k - 6. Let t be ((-24)/18)/(4/6). Let d(h) = h**2 - 3*h + 2. Let y(j) = t*z(j) - 7*d(j). Give y(w).
4
Let d(j) be the first derivative of -j**4/12 + j**3/6 - 31*j**2/2 + 117. Let t(n) be the second derivative of d(n). Give t(7).
-13
Let y(z) be the third derivative of -z**6/120 - z**5/5 + 13*z**4/24 - 2*z**2. Let v(h) = 2*h**2 + 22*h - 65. Let j = 289 - 302. Let r be v(j). Calculate y(r).
0
Let q be (-25)/((-175)/(-42)) + (4 - (-4)/(-1)). Let i(o) = -o**3 - 5*o**2 + 4*o + 4. Give i(q).
16
Suppose t + 9 = -3*f, -2*t - 2*f = 3*t - 7. Suppose g + 10 = 12*r - 10*r, 5*r = t*g + 26. Let l(d) = -5*d + 3. Determine l(r).
-17
Let a(t) = -t**3 + 6*t**2 - 8*t - 1. Suppose -3*c + 10 = u - 0*u, -5 = -2*c - u. What is a(c)?
-16
Let v = 4 - 10. Let y(d) = -3*d - 18. Let o be y(-7). Let u(x) = -o*x + 14 - 6 + 5*x. Calculate u(v).
-4
Let y = -10350 - -10340. Let v(w) = -w**2 - 8*w + 4. Give v(y).
-16
Let o(x) be the second derivative of -x**4/12 - 11*x**3/6 + 13*x**2/2 + 963*x. Give o(-11).
13
Let a(z) = -14*z - 110. Let u(b) = 7*b + 59. Let y(n) = 4*a(n) + 7*u(n). Give y(-7).
22
Let y(g) = 47*g**2 + 31*g + 398. Let s(u) = -20*u**2 - 15*u - 198. Let i(l) = 7*s(l) + 3*y(l). Give i(21).
-3
Let w(m) = 2*m. Let g(n) = n**2 - 16*n - 6. Let i(b) = -g(b) - 6*w(b). Calculate i(9).
-39
Let m(a) = a**3 + a**2 + a + 1. Let i(c) = -7*c**3 - 13*c**2 - 14*c - 2. Let b(x) = -i(x) - 6*m(x). Suppose -25*t - 1244 = -1094. Give b(t).
-16
Let n(q) = -q**3 - 18*q**2 - 30*q + 30. Let y be (-7)/(-21) - ((-1)/2)/((-9)/294). Determine n(y).
-2
Let p(w) = -13*w + 20. Suppose -224*b + 251*b = 162. Determine p(b).
-58
Let o(i) be the third derivative of -i**5/15 - 73*i**4/24 - 25*i**3/2 - 2484*i**2. Calculate o(-1).
-6
Suppose 6 = -3*a, 3*a + 3 = 2*m - 5*m. Suppose 2*f - 7 = -v, 0 = v - 0*v - m. Let b(s) be the second derivative of s**4/12 - s**3/2 - s**2 - 3*s. Give b(f).
-2
Let u(h) = 6*h - 10. Let a(o) = -31*o + 50. Let z(q) = 2*a(q) + 11*u(q). Let b be (71060/66)/(2/(-12)). Let k be b/(-935) - (-1)/11. What is z(k)?
18
Let k(v) be the third derivative of -v**5/60 - v**4/24 - v**3/3 - v**2 - 33. Let y = -127 - -124. Calculate k(y).
-8
Suppose -3*i + 226 - 115 = -3*z, 5*z + 221 = -4*i. Let j(q) = q**2 + 39*q - 83. What is j(z)?
-1
Suppose 5*t - 22 + 37 = 0. Let r(a) = 11*a**2 + a + 10. Let m be r(t). Suppose -m*d + 32 = -102*d. Let u(s) = -s**2 + 6*s + 8. Determine u(d).
-8
Let x(s) = -s - 4. Let v be x(-17). Suppose -v*k = 41 - 106. Let t(q) = -116 - k*q**2 - 7*q + q**3 + 57 + 54. Calculate t(6).
-11
Let z(o) be the third derivative of o**5/30 - o**4/12 - o**3/2 + 714*o**2. Calculate z(4).
21
Let g(d) = -3*d**3 + 2*d**2 - 15*d - 8. Let p(q) = 2*q**3 - q**2 + 7*q + 4. Let k(s) = 4*g(s) + 9*p(s). What is k(-1)?
-6
Let d(n) = n**2 - 4. Let f(x) = 2*x**2 - 7. Let r(z) = -5*d(z) + 3*f(z). Let b = 163 - 161. Let g be (b/3)/((-52)/39)*0. Give r(g).
-1
Suppose g + 4 = 3*g. Suppose g = 3*o - 37. Suppose -w + 5 = o. Let h(a) = -a**3 - 7*a**2 + 6*a - 7. Give h(w).
9
Let t(d) be the first derivative of d**3 + 2*d**2 + 53*d - 49. Let n(y) be the first derivative of t(y). Determine n(4).
28
Let j be 49/(-637) + 92/13. Let g(a) = -13*a - 19. Let i = -13 + 22. Let n(s) = -3*s - 5. Let w(q) = i*n(q) - 2*g(q). What is w(j)?
-14
Suppose -8*w - 7*w = -15. Let p be (-21)/((-18)/(-24)*2) - w. Let b(h) = -h**2 - 16*h - 19. Determine b(p).
-4
Let o(x) = 8*x + 328. Let n be ((-4)/(-3))/(116/(-3567)). Give o(n).
0
Let k(m) = 1154*m + 9243. Let c be k(-8). Let h(f) = f**3 - 9*f**2 - 24*f + 20. What is h(c)?
-2
Let p(r) = -r**3 + 22*r**2 + r + 1. Let m(u) = 6*u**3 - 96*u**2 - 26*u - 10. Let h(f) = -m(f) - 5*p(f). Determine h(-15).
-85
Suppose 0*x - 6*x = 7*x - 2*x. Let r(y) = -y**2 + y + 11. Determine r(x).
11
Let d = 3981 + -3977. Let w(g) = g**3 - g**2 + 4*g + 5. What is w(d)?
69
Let s(u) = -11*u - u**2 + 9*u - 1 - 4*u. Let p(k) = 5*k**3 - 4*k**2 + 21*k + 11. Let t(m) = m**3 + 1. Let j(l) = -p(l) + 6*t(l). Let v be j(-7). Determine s(v).
4
Let n(u) = 42*u**3 + 5059*u + 49*u**3 - 5058*u + u**2 + 0*u**2. What is n(-1)?
-91
Let x(y) = y**2. Let t = -28 + 37. Suppose t*z = 10*z + 6. Let j be 2/z + (-110)/(-33). Give x(j).
9
Suppose 21*m + 126 = -0. Let w(c) = 4*c**3 - 10*c**2 + 5*c + 5. Let p(z) = -5*z**3 + 11*z**2 - 5*z - 6. Let a(d) = -5*p(d) - 6*w(d). Calculate a(m).
-6
Let r(u) = 19*u**2 + 3*u + 6. Let y(x) = -9*x**2 - 2*x - 3. Let v(j) = 6*r(j) + 13*y(j). Calculate v(-2).
1
Let k(s) = -s + 5. Let y(o) = 2*o - 14. Suppose 0 = -3*f + 9 - 6. Let c(x) = -1. Let m(l) = f*y(l) + 2*c(l). Let u be m(11). What is k(u)?
-1
Let a = -58 - -63. Suppose -59 = -a*j - 4*u + 8*u, 0 = -2*j - 3*u + 19. Let l(o) = -o + 9. What is l(j)?
-2
Let k(m) = -m + 6. Suppose s + 24 = 9*s. Suppose -12*p + 9*p = -s*h - 21, -3*p = h + 3. What is k(h)?
12
Let y(w) = 3*w**2 - 29*w + 67. Let d(j) = -4*j**2 - 136*j + 7. Let t be d(-34). What is y(t)?
11
Let t = -29 + 33. Suppose 0 = -t*l - 11 - 33. Let m(f) = 2*f. Let q(v) = 6*v. Let g(i) = l*m(i) + 4*q(i). Give g(-2).
-4
Let f(z) = 41*z**3 - z**2 + 5*z - 1. Let d(n) = 69*n**3 - 2*n**2 + 10*n - 2. Let q(a) = -3*d(a) + 5*f(a). Calculate q(2).
-21
Suppose 3*z = 15, m = 3*z + 5 - 1. Let g(l) = 4 - l**2 + 16*l + m*l - 35*l. Calculate g(-3).
-5
Let n(l) be the second derivative of -7*l**3/3 + l**2 + 2*l. Let p(z) = 2*z**2 - 148*z + 1584. Let i be p(61). Calculate n(i).
30
Suppose -334 - 2541 = -115*u. Let i(f) = f**2 - 27*f + 57. Give i(u).
7
Let x = -27252 - -27247. Let v(q) = -q + q**2 + 5*q + 0*q**2 - 3. What is v(x)?
2
Let h be 3/(138/4) + 10735/2185. Let q(v) = -v**2 - v + 29. Determine q(h).
-1
Let s(r) = -3*r**2 - 16*r - 2. Let i(a) = -a**2 - 5*a. Let b(j) = -10*j - 87. Let o be b(-8). Let h(y) = o*i(y) + 2*s(y). Determine h(-5).
6
Let y(x) be the first derivative of x**4/4 - 19*x**3/3 + 15*x**2/2 - 9*x - 9225. Determine y(18).
-63
Suppose -d + 123 - 122 = 0. Let s(i) = 32*i - 28. Let j be s(d). Let g(u) = u**2 - 4*u + 4. What is g(j)?
4
Suppose 0 = -2*c + z + 11, c + z - 10 = 6*z. Let x(m) be the third derivative of -m**6/120 + m**5/12 - m**4/6 + m**3/2 - 251*m**2. Determine x(c).
-17
Let w(s) = -107*s**2 + 41*s + 7. Let a(t) = -88*t**2 + 33*t + 6. Let p(u) = 11*a(u) - 9*w(u). Determine p(-3).
-24
Let r(y) = 194 - 7*y - 383 + 172. Calculate r(-2).
-3
Let s(x) = 19*x**2 - 2*x + 1. Let d be (-2)/(-6)*8 - 12/18. Suppose 2*h = d*n - 0*n - 4, -3*n = 4*h - 13. Determine s(h).
18
Let t(l) = -l**2 + l - 2. Let h(y) = -10*y**2 + y - 10. Let q(a) = -h(a) + 9*t(a). Let g be 1/(4/(-40) + 0). Give q(g).
12
Let f(s) = 10*s**3 + 4*s**2 - 7*s + 4. Let t be f(1). Let k(x) be the second derivative of 0 + 1/2*x**3 + t*x - 5/2*x**2. Calculate k(7).
16
Let u(n) be the second derivative of -n**5/20 + n**3/2 + 3*n**2/2 + 2208*n. Determine u(2).
1
Let w(d) be the third derivative of 0 - 2/3*d**3 + 0*d - 17*d**2 - 1/24*d**4. What is w(-9)?
5
Suppose -w = 2*w + 4*a - 5, 0 = 3*w - 2*a - 11. Suppose -2 = -x, 0*q - x = -q + w. Let u(f) = q + 296*f - f**2 + 0*f**2 - 291*f. What is u(5)?
5
Let c(f) = f**3 + 2*f**2 - 8*f + 3. Let u be c(-4). Let k(j) = -2*j - 8. Let i(m) = m + 8. Let o(x) = u*i(x) + 2*k(x). Let v = -2 + 9. Give o(v).
1
Let f(h) be the first derivative of -2*h**3/3 + 3*h**2 - 3*h - 1719. Determine f(7).
-59
Let t(d) = d**3 + 7*d**2 - 9*d - 1. Let c(y) = -y**2 - 10*y + 48. Let p(n) = -n**3 - 31*n**2 + 34*n + 50. Let i be p(-32). Let b be c(i). Determine t(b).
7
Let m be (-5 - -4)*-4 - 1. Let v(f) = -7*f**3 - 2*f**2 + f + 14. Let p(r) = 20*r**3 + 5*r**2 - 2*r - 40. Let o(h) = 6*p(h) + 17*v(h). Calculate o(m).
4
Let h(w) = w**2 - w - 1. Let i(n) = -2*n**2 - 3. Let z(d) = h(d) + i(d). Let j = 152611 - 152613. What is z(j)?
-6
Let o(m) = m - 8. Let x = 26 + 46. Suppose -10*r + 16*r - x = 0. Determine o(r).
4
Let i(u) = -25*u + 78*u - 21*u + u**2 - 154 - 32*u. What is i(12)?
-10
Let v(d) = -2*d**